1 a composite number?
True
Is 5172947651 a composite number?
False
Is 2653891887 prime?
False
Is 123381969989 prime?
False
Is 6179736313 a composite number?
True
Is 1089783231 a composite number?
True
Is 16602142223 a prime number?
True
Is 299119621 prime?
False
Is 19208674721 prime?
False
Is 34552198911 composite?
True
Is 105466021 a prime number?
False
Is 9808719629 composite?
False
Is 41759784121 composite?
True
Is 4871217251 a prime number?
True
Is 341601569 a composite number?
False
Is 114665545 a prime number?
False
Is 693795457 a prime number?
False
Is 44848869743 a composite number?
False
Is 12171950843 a prime number?
False
Is 8831606513 prime?
True
Is 600378727 composite?
True
Is 1072079159 composite?
True
Is 118631409829 a composite number?
False
Is 1519870399 prime?
False
Is 205214645 a prime number?
False
Is 127952171 a prime number?
True
Is 4481306405 a composite number?
True
Is 532320539 prime?
False
Is 448437323 a prime number?
False
Is 169717739 prime?
False
Is 161399501 a composite number?
False
Is 1094177411 composite?
False
Is 796920541 a composite number?
True
Is 6855936427 a prime number?
False
Is 29426242529 a prime number?
True
Is 413049937 a prime number?
False
Is 832019623 a prime number?
False
Is 2833375879 prime?
True
Is 49636005739 a composite number?
True
Is 2150193631 composite?
True
Is 4494799993 composite?
False
Is 1075324973 a composite number?
True
Is 141662149 a prime number?
True
Is 25548331481 a prime number?
False
Is 11434353393 composite?
True
Is 82000119443 a composite number?
True
Is 550840231 a prime number?
False
Is 602960711 composite?
True
Is 124964518871 a composite number?
False
Is 3779170363 prime?
False
Is 1404309691 composite?
False
Is 515799143 a prime number?
True
Is 10680721621 a composite number?
False
Is 20142319669 prime?
True
Is 1800458579 prime?
False
Is 36245281 prime?
True
Is 4197297017 a composite number?
False
Is 2645757295 a prime number?
False
Is 606921641 a composite number?
True
Is 1923031199 prime?
True
Is 196371541 a composite number?
False
Is 6235146859 composite?
True
Is 115890085 prime?
False
Is 41613996423 a composite number?
True
Is 333861949 a composite number?
True
Is 8043215723 a prime number?
True
Is 3847170527 prime?
True
Is 430961887 a prime number?
True
Is 1107125291 a prime number?
False
Is 51257318653 a prime number?
True
Is 923698171 prime?
False
Is 1937423671 a prime number?
True
Is 4803981631 prime?
False
Is 1421963111 prime?
True
Is 1418723167 a prime number?
True
Is 1415798287 prime?
False
Is 2892694663 composite?
False
Is 22646674331 prime?
True
Is 909828941 composite?
True
Is 1722915199 composite?
False
Is 14901040771 composite?
True
Is 20613508229 composite?
False
Is 89636159 a prime number?
False
Is 283923799 a prime number?
False
Is 22786638827 a prime number?
True
Is 117947171 prime?
True
Is 1438652543 a composite number?
True
Is 5139461203 prime?
False
Is 122977824337 composite?
True
Is 505160198 prime?
False
Is 3154067359 a prime number?
False
Is 20339144069 a composite number?
True
Is 497786957 a composite number?
True
Is 11747956921 a composite number?
True
Is 187995781 a composite number?
False
Is 9590739661 composite?
False
Is 589800331 a composite number?
True
Is 74100848881 a prime number?
True
Is 1190388451 composite?
True
Is 1124833627 composite?
False
Is 11085973 composite?
False
Is 13983337765 a composite number?
True
Is 27559451669 a composite number?
True
Is 142604768177 a composite number?
False
Is 43264831 a composite number?
False
Is 51945111697 prime?
False
Is 9822297643 prime?
False
Is 783464843 composite?
True
Is 160545904289 a prime number?
False
Is 13175704833 prime?
False
Is 29704835653 a prime number?
False
Is 712608229 prime?
True
Is 1197628129 a composite number?
False
Is 3944589323 a composite number?
False
Is 2237251229 prime?
False
Is 44658248693 a prime number?
True
Is 7760231483 a prime number?
False
Is 22446215342 a prime number?
False
Is 97089899 composite?
True
Is 1436401381 a composite number?
False
Is 21132801287 composite?
True
Is 2656978939 composite?
True
Is 2122909783 a composite number?
True
Is 2155492891 a prime number?
False
Is 775329329 a prime number?
False
Is 901451249 composite?
False
Is 4956378341 a prime number?
False
Is 1008239993 prime?
False
Is 555420577 a composite number?
False
Is 2433423703 prime?
True
Is 3049748743 a composite number?
False
Is 7524074633 a composite number?
True
Is 3711803059 a composite number?
False
Is 209557801 composite?
True
Is 433674673 a composite number?
True
Is 14123586523 composite?
False
Is 97286383 prime?
True
Is 273828409255 a composite number?
True
Is 5480439683 prime?
True
Is 150769753889 a prime number?
True
Is 126360464389 a composite number?
False
Is 3724336457 a prime number?
True
Is 126853079 a prime number?
False
Is 93738791577 a prime number?
False
Is 8623221613 a prime number?
True
Is 2325265577 a composite number?
True
Is 42407090783 composite?
True
Is 15994389937 prime?
True
Is 87126889319 a composite number?
False
Is 8350799929 a prime number?
False
Is 209650093 prime?
False
Is 218574833 a composite number?
True
Is 25487336393 a prime number?
True
Is 55164700607 a prime number?
True
Is 760238211521 a composite number?
False
Is 2443629803 a composite number?
True
Is 9686325787 a composite number?
False
Is 1948936973 prime?
False
Is 186572275639 a composite number?
False
Is 25141505801 prime?
True
Is 165530689 prime?
False
Is 154433164441 composite?
False
Is 2735518091 a prime number?
False
Is 481613707 composite?
False
Is 415385959 composite?
False
Is 290512289939 prime?
False
Is 46969146889 a prime number?
False
Is 2090481563 a prime number?
False
Is 83745246803 a composite number?
False
Is 2268668737 prime?
True
Is 19595613773 prime?
False
Is 4668389134 a prime number?
False
Is 2584693963 composite?
False
Is 9172526291 prime?
True
Is 16818370253 composite?
True
Is 1975135687 a composite number?
True
Is 8001868891 prime?
False
Is 9103564739 prime?
True
Is 917388679 a prime number?
False
Is 2780556451 prime?
True
Is 13645282267 a prime number?
False
Is 39275160713 prime?
True
Is 218223209465 a prime number?
False
Is 1245008473 composite?
False
Is 180374339 composite?
False
Is 943065829 a composite number?
False
Is 41155241 composite?
True
Is 23605465417 a composite number?
True
Is 60303717655 a composite number?
True
Is 374352413 prime?
True
Is 1929218339 a composite number?
True
Is 1915338967 composite?
False
Is 16916443283 composite?
True
Is 19651400957 prime?
False
Is 35937457697 a composite number?
False
Is 7014535889 a prime number?
True
Is 269043223 composite?
False
Is 59074777897 a composite number?
True
Is 1367632419 a composite number?
True
Is 35348385421 prime?
True
Is 744765149 a composite number?
True
Is 1647894727 prime?
False
Is 7929094441 prime?
True
Is 39881262167 composite?
True
Is 496117487 prime?
False
Is 207329276149 composite?
False
Is 106944241 a composite number?
False
Is 2573968981 prime?
True
Is 17763626201 composite?
False
Is 820150703 a prime number?
False
Is 8779503179 prime?
True
Is 13506972137 a prime number?
False
Is 22309603 a composite number?
True
Is 253781621 a composite number?
False
Is 9665753759 composite?
False
Is 274979921 a prime number?
True
Is 1927286851 a prime number?
False
Is 808756049 a prime number?
True
Is 150369674063 a prime number?
False
Is 20525935613 composite?
True
Is 3824018011 a composite number?
True
Is 7364821169 composite?
True
Is 252688633 composite?
False
Is 320487781 prime?
True
Is 3982500959 prime?
False
Is 2958682351 a composite number?
True
Is 15544977257 prime?
False
Is 32566722017 a composite number?
True
Is 3569724527 a composite number?
True
Is 25036214783 composite?
True
Is 3941072297 a composite number?
True
Is 39476855287 a composite number?
False
Is 1100487247 a composite number?
False
Is 847218289 a composite number?
True
Is 12798133111 a prime number?
False
Is 2568641279 a composite number?
True
Is 4844885611 a composite number?
False
Is 4144105639 a prime number?
True
Is 2040805549 composite?
True
Is 468050582 a prime number?
False
Is 74231840087 prime?
False
Is 10558544723 a prime number?
True
Is 11320770521 a composite number?
False
Is 25983281759 prime?
True
Is 1394867 a 